ive z(-12).
-28
Let q(r) = r**3 + 5*r**2 + 4*r + 3. Calculate q(-4).
3
Let f(o) = o**3 + 10*o**2 + 6*o + 22. What is f(-9)?
49
Let o(h) = h**3 - 4*h**2 - 12*h + 4. Calculate o(6).
4
Let b(r) = r. What is b(5)?
5
Let j(t) = 17*t - 49. Determine j(5).
36
Let s(p) = 11*p + 52. Give s(-2).
30
Let u(i) = 2*i - 13. What is u(-5)?
-23
Let l(n) = 20*n**2 + 3*n - 2. Calculate l(-2).
72
Let f(v) = v**2 - 25*v + 52. Give f(28).
136
Let l(c) = 2*c + 11. Determine l(-12).
-13
Let u(h) = -h**3 - h**2 + 1. What is u(-3)?
19
Let l(z) = -5*z**2 - 16*z + 15. Calculate l(-4).
-1
Let c(h) = -h**3 - 5*h**2 - 3*h + 1. Calculate c(-4).
-3
Let j(u) = u**3 - 8*u**2 + 10*u + 11. Give j(6).
-1
Let y(t) = -2*t + 12. Determine y(10).
-8
Let f(c) = -c + 19. Give f(12).
7
Let c(f) = 2*f - 67. Determine c(23).
-21
Let i(o) = 18*o**2 - 1. Calculate i(1).
17
Let g(p) = -15*p - 290. What is g(-19)?
-5
Let k(j) = -2*j + 4. Calculate k(9).
-14
Let h(u) = -13*u - 53. What is h(-4)?
-1
Let f(p) = 3*p**2 + 3*p - 1. What is f(3)?
35
Let p(s) = 4*s + 98. Calculate p(-17).
30
Let m(i) = -i**2 - 13*i - 29. Calculate m(-9).
7
Let s(v) = -20*v + 132. What is s(6)?
12
Let w(x) = -x**2 + 32*x - 262. Give w(15).
-7
Let z(q) = 2*q**3 + 77*q**2 - 36*q + 113. What is z(-39)?
-4
Let l(a) = -11*a + 78. Determine l(7).
1
Let s(b) = -b**3 + 8*b**2 + 8. What is s(8)?
8
Let f(i) = 8*i - 9. Give f(2).
7
Let w(r) = r**2 + 4*r - 3. Determine w(2).
9
Let s(x) = -x**2 - 5*x - 12. Calculate s(-6).
-18
Let w(c) = c**3 + c - 34. Give w(0).
-34
Let j(s) = 4*s - 2. Calculate j(10).
38
Let q(h) = h - 8. Calculate q(7).
-1
Let k(s) = -s**3 - 11*s**2 + 12*s - 3. Determine k(-12).
-3
Let s(x) = 5*x - 56. Calculate s(0).
-56
Let c(d) = -d + 5. Determine c(-2).
7
Let k(h) = -5*h**2 + h - 3. Determine k(3).
-45
Let h(b) = b**2 - 4*b - 1. Calculate h(6).
11
Let a(m) = m**3 + 3*m**2 - 22*m - 31. What is a(-6)?
-7
Let w(k) = k**2 - 25*k + 29. Give w(17).
-107
Let d(q) = -q**3 + 11*q**2 - 3*q - 6. Give d(3).
57
Let z(l) = -l**3 - 6*l**2 - 2*l + 12. Determine z(-6).
24
Let n(i) = -i - 17. What is n(0)?
-17
Let z(c) = 3*c**2 - 32*c + 52. Determine z(9).
7
Let z(i) = 2*i**2 + 41*i - 6. What is z(-20)?
-26
Let q(j) = 13*j + 259. Calculate q(-21).
-14
Let z(s) = -12*s**3 - s**2 - 3*s - 3. Give z(-1).
11
Let m(i) = -12*i - 22. Calculate m(8).
-118
Let v(n) = -n**3 + 25*n**2 + n - 21. Determine v(25).
4
Let d(h) = -h**3 + 32*h**2 - 32*h - 45. Give d(31).
-76
Let l(p) = -p**3 - 8*p**2 - 11*p - 7. What is l(-7)?
21
Let r(g) = g**2 - 5*g - 14. Determine r(-2).
0
Let p(g) = -8*g**2 - 4*g - 3. What is p(-2)?
-27
Let g(l) = l**2 + 13*l + 37. Calculate g(-8).
-3
Let i(p) = 10*p - 7. What is i(-3)?
-37
Let k(t) = -t**2 - 8*t + 9. Calculate k(-7).
16
Let q(h) = h**3 - 5*h**2 + 21*h - 103. Determine q(5).
2
Let b(d) = -2*d**2 + 42*d - 38. Calculate b(20).
2
Let d(u) = u**3 - 27*u**2 - 28*u - 4. Calculate d(28).
-4
Let r(s) = -s + 12. What is r(12)?
0
Let f(o) = -o**3 - 1. Give f(-1).
0
Let g(n) = n**3 + 16*n**2 + 2*n + 24. What is g(-16)?
-8
Let s(b) = 2*b - 3. What is s(26)?
49
Let a(g) = -g**3 - 7*g**2 + 2*g + 9. Determine a(-7).
-5
Let n(a) = 2*a**2 + 20*a + 5. Give n(-9).
-13
Let g(a) = a**2 + 29*a - 38. Give g(-31).
24
Let n(w) = -2*w + 19. Give n(7).
5
Let s(n) = n**2 + 15*n + 71. Determine s(-5).
21
Let i(v) = 4*v - 1. Calculate i(4).
15
Let v(u) = -u**3 + 8*u**2 - 8*u + 5. Give v(7).
-2
Let w(d) = 6*d + 15. Calculate w(7).
57
Let c(m) = m**3 - 4*m**2 + 7*m - 5. Give c(3).
7
Let j(u) = 13*u + 9. Calculate j(-1).
-4
Let o(d) = -d + 9. What is o(0)?
9
Let q(b) = 11*b + 38. Calculate q(-3).
5
Let h(n) = -n**3 + 8*n**2 - 9*n - 11. What is h(7)?
-25
Let r(o) = -o + 11. What is r(-12)?
23
Let u(p) = p**2 - 23*p - 71. Give u(26).
7
Let k(i) = 27*i**2 + 5*i + 4. Determine k(-1).
26
Let o(k) = -k**3 + 6*k**2 - 6*k - 1. What is o(5)?
-6
Let u(f) = 8*f**3 + 4*f**2 + 3*f + 2. What is u(-2)?
-52
Let m(c) = c**3 - c + 31. Calculate m(0).
31
Let w(b) = b**2 + 5*b - 13. Determine w(-9).
23
Let r(j) = -17*j - 52. Calculate r(-4).
16
Let q(t) = 18*t + 88. Give q(-7).
-38
Let v(d) = -d**2 - 4*d + 1. Calculate v(-4).
1
Let v(w) = -w**2 - w + 24. What is v(0)?
24
Let y(l) = -l**3 + 3*l**2 - 17*l + 28. Give y(2).
-2
Let r(v) = -3*v - 15. What is r(0)?
-15
Let n(t) = 3*t**2 - 7*t + 10. Give n(3).
16
Let v(b) = -b**3 + b**2 - 3*b + 3. Calculate v(-3).
48
Let h(g) = g**2 - 14*g + 66. Determine h(9).
21
Let c(i) = i**2 - 3*i + 56. Calculate c(0).
56
Let x(o) = 6*o + 24. Give x(-9).
-30
Let w(i) = -2*i**2 + 43*i - 101. Give w(19).
-6
Let k(f) = -f**3 + 18*f**2 + 22*f + 26. Determine k(19).
83
Let w(s) = -31*s**3 - s - 1. Calculate w(-1).
31
Let b(o) = o**2 + 27*o + 107. Determine b(-22).
-3
Let w(l) = l**3 + 15*l**2 + 14*l - 5. Determine w(-14).
-5
Let o(k) = k**2 + 5*k - 5. What is o(-8)?
19
Let b(n) = -3*n + 6. Determine b(6).
-12
Let y(u) = 74*u + 519. Calculate y(-7).
1
Let a(h) = -5*h - 115. What is a(-21)?
-10
Let l(a) = -a**2 - 4. Determine l(-5).
-29
Let r(b) = -5*b**2 + 1. Give r(-1).
-4
Let x(p) = -p**3 - 6*p**2 - 6*p - 2. What is x(-5)?
3
Let i(x) = x**3 + 6*x**2 - 9*x - 2. Give i(-7).
12
Let f(d) = 41*d - 1. Give f(-1).
-42
Let y(w) = -w**3 - w**2 + 2*w + 4. Give y(-2).
4
Let x(f) = -2*f**2 - 5*f - 5. What is x(-4)?
-17
Let t(j) = -j**3 - 15*j**2 + 8*j + 27. What is t(-16)?
155
Let z(v) = -3*v + 62. Calculate z(15).
17
Let p(l) = 11*l**2 + l - 5. Give p(1).
7
Let m(o) = -12*o**2 + o. Determine m(-1).
-13
Let v(z) = -z**2 + 4*z + 28. Calculate v(-6).
-32
Let c(y) = -2*y**3 + 11*y**2 - 15*y - 2. Determine c(4).
-14
Let t(h) = 18*h + 312. Calculate t(-17).
6
Let l(y) = 9*y - 42. Calculate l(6).
12
Let l(g) = -4*g**3 + 12*g**2 - 7*g + 4. Give l(3).
-17
Let u(k) = k**3 - 3*k**2 + 2*k + 1. Calculate u(2).
1
Let a(u) = -40*u + 20. Determine a(0).
20
Let q(n) = 15*n + 57. Determine q(-4).
-3
Let a(d) = 2*d**2 - 6*d - 5. What is a(6)?
31
Let l(i) = i**3 - i - 1. What is l(-1)?
-1
Let v(q) = -2*q + 30. Give v(14).
2
Let o(h) = h**2 + 3*h. Give o(-5).
10
Let n(x) = -x**2 + 27*x - 17. What is n(26)?
9
Let q(n) = -2*n - 9. Determine q(-12).
15
Let v(u) = -u**2 + 54. Give v(0).
54
Let b(n) = 10*n + 45. Determine b(-5).
-5
Let b(t) = 3*t + 19. What is b(-5)?
4
Let k(c) = c - 5. What is k(8)?
3
Let s(d) = d**2 - 6*d - 2. Determine s(4).
-10
Let l(a) = 4*a - 11. Give l(2).
-3
Let k(d) = -4*d**3 + 4*d - 2. Give k(-2).
22
Let l(z) = -5*z - 69. Give l(-15).
6
Let u(n) = -n + 27. Give u(13).
14
Let b(f) = -f**3 + 22*f**2 - 3*f - 47. Calculate b(22).
-113
Let q(y) = -2*y + 47. Give q(26).
-5
Let j(i) = -2*i**2 + 4*i + 12. Calculate j(0).
12
Let o(r) = r - 16. What is o(11)?
-5
Let h(o) = -11*o**2 - 2*o + 1. Determine h(1).
-12
Let g(r) = 2*r**2 + 85*r - 220. Give g(-45).
5
Let x(h) = 5*h**3 + 11*h - 12. Give x(1).
4
Let f(j) = 2*j**3 - 9*j**2 - 2*j + 15. Calculate f(5).
30
Let h(o) = -3*o**2 - 15*o - 5. What is h(-4)?
7
Let r(d) = d**3 - 7*d**2 - 8*d + 10. Calculate r(8).
10
Let m(y) = y**2 - 2*y - 10. Calculate m(0).
-10
Let s(t) = t - 32. Determine s(11).
-21
Let d(w) = w**2 + 16*w - 4. What is d(-12)?
-52
Let s(m) = 12*m**2 - m - 5. Calculate s(2).
41
Let t(g) = 2*g**2 - 5*g + 1. Give t(2).
-1
Let x(r) = 2*r**2 + 12*r - 3. Give x(-7).
11
Let j(h) = -h**2 + 32*h + 53. Calculate j(34).
-15
Let i(j) = 105*j - 8. Give i(0).
-8
Let i(w) = w**3 + 6*w**2 - 4*w - 12. Calculate i(-8).
-108
Let a(v) = -v**3 - 19*v**2 + 20*v + 5. Calculate a(-20).
5
Let n(y) = -6*y - 2. Calculate n(7).
-44
Let z(r) = -14*r. Calculate z(-2).
28
Let s(f) = f**2 - 55. Calculate s(7).
-6
Let g(t) = -3*t - 85. Give g(-31).
8
Let m(r) = 3*r + 26. Calculate m(-8).
2
Let b(w) = 11*w**3 - 3*w**2 - w + 2. Calculate b(-1).
-11
Let y(o) = 2*o**3 + 15*o**2 + 8*o + 7. What is y(-7)?
0
Let o(q) = -q**2 + 16*q - 21. Determine o(14).
7
Let j(m) = 20*m**2 + 3*m - 1. Give j(-1).
16
Let c(m) = -2*m**2 - 6*m + 1. What is c(-5)?
-19
Let u(t) = 19*t + 7. Give u(3).
64
Let t(b) = b**2 - 17*b - 83. What is t(21)?
1
Let h(s) = 4*s**3 + 11*s**2 + 4*s + 4. Determine h(-2).
8
Let b(m) = -2*m**3 - 2*m**2 + 2. Give b(2).
-22
Let f(b) = -b**2 - 5*b - 2. Calculate f(-7).
-16
Let q(v) = -4*v + 111. Give q(19).
35
Let d(b) = -b**3 + 26*b**2 + 3*b - 24. Calculate d(26).
54
Let g(c) = -6*c - 7. What is g(-1)?
-1
Let t(p) =